 h(t) = 4*t**2 + 180*t + 948. Give h(-6).
12
Let o(l) = 2*l**3 + 35*l**2 - 18*l + 41. Calculate o(-18).
41
Let h(s) = -s**2 + 102*s - 760. Calculate h(8).
-8
Let b(s) = -80*s - 733. What is b(-23)?
1107
Let r(y) = 2*y**3 + 32*y**2 + 6*y - 265. Give r(-16).
-361
Let p(s) = s**3 + 116*s**2 + 927*s - 320. What is p(-9)?
4
Let v(t) = -22*t + 25. Give v(5).
-85
Let j(w) = 3*w**2 - w - 8. Determine j(-2).
6
Let i(s) = -6700*s + 40163. Calculate i(6).
-37
Let u(o) = 921*o + 12892. Calculate u(-14).
-2
Let h(a) = -2*a**3 - 20*a**2 - 297*a - 2542. What is h(-9)?
-31
Let z(y) = y**2 + 66*y - 573. What is z(8)?
19
Let t(r) = 4*r**2 + 9*r - 7. Determine t(2).
27
Let x(n) = 15*n**3 - 24*n**2 - 7*n + 7. What is x(2)?
17
Let z(b) = -11*b - 289. What is z(-23)?
-36
Let j(c) = 309*c - 1549. Calculate j(5).
-4
Let c(b) = 604*b - 1171. Calculate c(2).
37
Let l(t) = 124*t - 519. Determine l(3).
-147
Let g(v) = v**3 - 28*v**2 - 119*v - 278. Calculate g(32).
10
Let t(w) = 56*w - 4634. Calculate t(83).
14
Let n(r) = -48*r - 369. Give n(-8).
15
Let i(g) = 407*g - 7. Calculate i(-2).
-821
Let x(h) = -26*h**3 + 233*h**2 + 20*h - 88. Give x(9).
11
Let r(i) = -29*i - 251. Give r(3).
-338
Let w(g) = 3*g**3 - 14*g**2 + 3*g + 12. Calculate w(6).
174
Let i(c) = c**2 + 35*c + 283. What is i(-10)?
33
Let y(w) = 2*w**3 - 19*w**2 + 15*w - 11. Calculate y(7).
-151
Let x(u) = -13*u**3 + 15*u**2 + 3*u - 4. Determine x(1).
1
Let l(n) = -n**2 + 75*n - 414. Determine l(68).
62
Let r(j) = -42*j + 1141. What is r(27)?
7
Let r(w) = -w**3 + 2*w**2 - 5*w - 4. What is r(6)?
-178
Let v(j) = j**3 - 55*j**2 - 53*j - 252. Give v(56).
-84
Let r(d) = -5*d**2 - 141*d + 73. Calculate r(-34).
-913
Let q(r) = -8*r - 122. Determine q(18).
-266
Let y(v) = 10*v**2 - 40*v + 27. Calculate y(3).
-3
Let x(y) = -y**3 - 11*y**2 + 19*y + 1. Determine x(-11).
-208
Let i(k) = 2*k**2 + 67*k + 49. Determine i(-33).
16
Let p(l) = -3*l**2 + 153*l - 496. Calculate p(48).
-64
Let l(n) = -209*n + 9862. Give l(47).
39
Let h(i) = i**2 - i + 51. Determine h(-15).
291
Let r(x) = x**3 - 12*x**2 - 59*x + 32. Give r(16).
112
Let f(p) = -p**3 + 7*p**2 + 18*p - 158. Calculate f(6).
-14
Let z(r) = r**3 - 35*r**2 + 357*r - 1013. Determine z(19).
-6
Let a(i) = -i**3 - 10*i**2 + 59*i - 6. Determine a(4).
6
Let y(d) = -49*d**2 - 2556*d - 413. Calculate y(-52).
3
Let c(q) = 4*q**3 + 6*q**2 + 18*q + 21. Calculate c(-4).
-211
Let c(b) = b**2 + 1665*b - 45695. Give c(27).
-11
Let v(i) = 919*i + 131415. Calculate v(-143).
-2
Let i(m) = 3*m + 35. Give i(29).
122
Let j(g) = g**3 - 90*g**2 + 176*g - 25. What is j(88)?
-25
Let f(a) = -145*a - 15072. What is f(-104)?
8
Let t(i) = -7*i**3 + 292*i**2 + 88*i - 162. Calculate t(42).
6
Let f(g) = -28*g - 999. Give f(-36).
9
Let x(j) = -1755*j - 16. Give x(0).
-16
Let u(d) = 4*d**2 + 65*d - 112. Give u(-23).
509
Let r(o) = 7*o + 687. Give r(-48).
351
Let q(j) = j**3 - 20*j**2 - 65*j - 39. What is q(23)?
53
Let v(j) = 2*j**2 + 27*j + 71. Give v(-11).
16
Let i(z) = z**3 + 5*z**2 - 69*z + 23. Calculate i(6).
5
Let z(f) = -6*f**2 + 401*f - 2316. What is z(6)?
-126
Let x(u) = 4*u**2 - 97*u + 191. Give x(2).
13
Let v(h) = -560*h + 17386. Give v(31).
26
Let z(k) = 1495*k - 5958. Give z(4).
22
Let v(j) = -2*j**3 + 217*j**2 - 312*j - 964. Determine v(107).
-1
Let c(d) = -d**2 - 52*d - 663. Determine c(-27).
12
Let i(f) = -168*f**2 + 485*f + 7. What is i(3)?
-50
Let w(p) = -p**2 - 3*p + 55. Calculate w(-8).
15
Let n(o) = o**2 + 47*o + 15. Calculate n(-50).
165
Let a(i) = -i**3 - 44*i**2 - 45*i - 104. Determine a(-43).
-18
Let u(o) = -5*o - 54. Give u(1).
-59
Let p(d) = -661*d - 1999. Calculate p(-3).
-16
Let c(q) = -1383*q**2 - 5531*q + 12. What is c(-4)?
8
Let t(g) = g**2 + 3*g - 48. What is t(-6)?
-30
Let h(j) = -j**3 - 49*j**2 - 7*j - 313. Calculate h(-49).
30
Let b(c) = c**3 - 13*c**2 - 81*c + 944. Give b(14).
6
Let g(u) = 85*u - 528. Determine g(6).
-18
Let a(h) = -2*h**2 - 2419*h + 14574. Calculate a(6).
-12
Let u(a) = -a**2 + 32*a + 182. What is u(-7)?
-91
Let h(z) = 39*z + 340. Calculate h(-8).
28
Let v(f) = -56*f**2 + 72*f + 137. What is v(-2)?
-231
Let d(t) = -t**3 - 5*t**2 + 95*t - 43. Determine d(-12).
-175
Let s(i) = -10*i**3 - 48*i**2 + 9*i + 1. What is s(-5)?
6
Let h(g) = g - 10. Determine h(13).
3
Let s(o) = o**3 - 11*o**2 + 17*o - 36. Determine s(10).
34
Let i(a) = 1251*a - 67557. Determine i(54).
-3
Let a(k) = 223*k + 3072. Calculate a(-12).
396
Let q(t) = 5*t**3 - 48*t**2 - 24*t + 33. What is q(10)?
-7
Let m(u) = -2*u**2 - 69*u + 34. Determine m(-35).
-1
Let m(z) = 2*z**2 + 241*z - 4069. Give m(15).
-4
Let h(c) = -60*c - 442. Give h(-10).
158
Let z(l) = 3*l**3 - 3*l**2 + 115*l - 113. What is z(1)?
2
Let l(c) = -c**3 + 61*c**2 + 17*c - 1032. Calculate l(61).
5
Let z(c) = 98*c - 292. What is z(3)?
2
Let d(t) = -7*t**2 + 16*t - 6. Calculate d(-3).
-117
Let g(r) = -6*r - 35. What is g(-7)?
7
Let u(o) = 43*o - 263. What is u(6)?
-5
Let v(f) = 1005*f + 6021. What is v(-6)?
-9
Let x(m) = -11*m**3 + 3*m**2 + 15*m - 17. Give x(1).
-10
Let p(a) = a**2 - 48*a - 364. What is p(-7)?
21
Let j(h) = 9*h - 17. Determine j(15).
118
Let y(w) = -w**3 - 3*w**2 + 25*w + 8. What is y(4)?
-4
Let c(f) = -6*f**3 - 5*f**2 - 110*f - 325. What is c(-3)?
122
Let o(g) = 13*g**2 - 134*g - 98. Calculate o(12).
166
Let y(i) = 279*i + 1673. What is y(-6)?
-1
Let x(o) = -2*o**2 + 296*o - 5756. Determine x(125).
-6
Let w(b) = -212*b + 1501. Determine w(8).
-195
Let u(j) = j**3 - 19*j**2 + 21*j - 165. Determine u(18).
-111
Let k(i) = 3*i**2 - 162*i + 139. Determine k(53).
-20
Let z(x) = -12*x**2 + 11*x + 9. What is z(-1)?
-14
Let s(v) = 166*v**2 - 1319*v - 67. What is s(8)?
5
Let b(z) = 13*z**2 - 370*z - 1023. Calculate b(31).
0
Let j(b) = b**3 - 9*b**2 + 13*b - 26. Determine j(8).
14
Let h(t) = 2*t**3 + 21*t**2 + 9*t - 8. Determine h(-10).
2
Let i(m) = -8*m**2 + 758*m - 2726. Determine i(91).
4
Let m(t) = -50*t + 406. Give m(11).
-144
Let s(f) = -140*f + 17355. Calculate s(124).
-5
Let w(v) = v**3 - 16*v**2 - 36*v + 14. Calculate w(18).
14
Let t(m) = -4*m**2 - 15*m + 74. Give t(-10).
-176
Let w(d) = 91*d + 33. Calculate w(-2).
-149
Let s(n) = 2*n**2 + 31*n + 4. Calculate s(-15).
-11
Let b(j) = j**2 - 47*j - 138. Give b(51).
66
Let x(t) = 61*t**2 - 51*t - 4. What is x(1)?
6
Let j(d) = -8*d**2 + 1450*d + 1102. What is j(182)?
10
Let y(d) = -524*d + 2707. Give y(5).
87
Let m(u) = -8*u**3 + 57*u**2 + 6*u - 94. Calculate m(7).
-3
Let j(h) = -h**3 + 137*h**2 + 275*h + 416. What is j(139)?
-1
Let z(v) = -v**3 + 15*v**2 - 18*v + 7. Determine z(14).
-49
Let a(z) = -2*z**2 + 34*z - 60. Determine a(15).
0
Let n(r) = 511*r - 1370. Give n(3).
163
Let x(l) = -l**2 - 171*l + 4028. Determine x(21).
-4
Let l(p) = -21*p + 16. Calculate l(-6).
142
Let a(h) = 6*h**2 - 1172*h + 397. Determine a(195).
7
Let f(p) = 138*p - 7195. Calculate f(52).
-19
Let r(w) = 2*w**2 + 38*w - 849. What is r(-39)?
711
Let p(x) = 36*x**2 - 1658*x + 62. Give p(46).
-30
Let l(y) = 6*y**2 - 165*y - 8587. Give l(54).
-1
Let l(d) = 4*d**2 - 228*d + 3086. What is l(35)?
6
Let i(z) = -z**3 - 18*z**2 - 56*z + 101. Calculate i(-13).
-16
Let z(a) = -4770*a + 38136. What is z(8)?
-24
Let g(v) = 664*v - 11968. Give g(18).
-16
Let l(r) = -104*r - 7700. Calculate l(-74).
-4
Let f(s) = 52*s + 5766. Give f(-111).
-6
Let u(q) = q**3 + 66*q**2 - 213*q - 428. Calculate u(-69).
-14
Let h(w) = 9*w + 568. Determine h(-61).
19
Let s(w) = -78*w + 79. Calculate s(-1).
157
Let f(t) = -328*t + 5892. Calculate f(18).
-12
Let n(j) = 5*j**2 + 146*j + 30. Give n(-29).
1
Let t(b) = -7*b**2 + 71*b - 4. Give t(10).
6
Let l(s) = 7*s - 731. Determine l(103).
-10
Let c(a) = -2*a**3 - 57*a**2 + 85*a - 157. Determine c(-30).
-7
Let b(t) = -1703*t - 5114. Give b(-3).
-5
Let b(z) = -z**3 - 11*z**2 + 2*z - 78. Determine b(-12).
42
Let v(u) = 8*u**2 + 27*u - 133. Calculate v(8).
595
Let f(n) = -n**3 + 10*n**2 + 14*n - 5. What is f(8)?
235
Let d(n) = -92*n + 10769. Give d(117).
5
Let y(l) = 2*l**2 - 45*l - 171. Determine y(26).
11
Let k(m) = -m**3 - 27*m**2 - 153*m - 9. Give k(-8).
-1
Let c(f) = f**3 + 4*f**2 - 23*f - 51. What is c(-7)?
-37
Let n(r) = -r**3 + 63*r**2 + 67*r - 208. Determine n(64).
-16
Let j(v) = 3*v**2 - 323*v + 2010. Give j(101).
-10
Let c(z) = -28*z - 35. Calculate c(-14).
357
Let v(u) 